i = 5*f - c, 3*i = 2*f - 0*i + 7. Calculate the highest common factor of f and 9.
1
Let k(y) = -2*y - 6. Let v be k(-10). Calculate the highest common divisor of 7 and v.
7
Suppose 514 = -d + 6*d - 2*k, 0 = -2*d + 3*k + 199. What is the highest common factor of d and 13?
13
Let k(o) = o**2 - 2*o. Let w be k(5). Let f(g) = 2*g**2 + 11*g - 6. Let d = 26 - 38. Let u be f(d). Calculate the highest common factor of u and w.
15
Suppose -456 - 237 = -3*v. Calculate the highest common divisor of v and 21.
21
Suppose 5*v + 2*d = 249, 3*v - d - 157 = -6*d. Let s = -9 - -16. Calculate the highest common factor of s and v.
7
Let j be (-2)/(-1) - 0 - -3. Suppose j = 2*v - 145. Calculate the greatest common factor of v and 25.
25
Suppose 64 = -7*x + 11*x. Suppose -2*i - 5*g + g - 6 = 0, -4*g = 5*i + 9. Let t be (-14 - 2*i)*-2. Calculate the highest common factor of t and x.
8
Let p(v) = 13*v**3 - v. Let x be p(1). Let c = 264 - 261. Calculate the greatest common divisor of x and c.
3
Suppose -5*v + 28 = -4*v. Suppose 4*q + 17 = 5*q. Let u = v - q. What is the highest common factor of 77 and u?
11
Let o(i) = -2*i + 14. Let z be o(-4). Calculate the greatest common divisor of 11 and z.
11
Suppose -3*c - 53 = -3*l + 25, 5*l - 103 = -4*c. Suppose 0 = -2*a - 5*r + 18 + 1, 4*a - l = -5*r. Calculate the highest common factor of a and 16.
2
Suppose 21 = a - 4*j - 1, -5*j - 8 = 2*a. What is the greatest common factor of 6 and a?
6
Let w = 6 - -1. Let o(b) = 12*b - 28. Let i be o(7). Calculate the greatest common factor of w and i.
7
Let l be (2 - 3)/(2/(-24)). Calculate the highest common divisor of l and 12.
12
Let j = 0 - -8. Let i = j - 6. Suppose i*s - 61 = 51. What is the greatest common divisor of 8 and s?
8
Let y be (6/8)/((-4)/(-64)). Let n = 22 - y. Calculate the highest common factor of n and 10.
10
Let n be (1/(-2))/(9/(-504)). Calculate the highest common divisor of 42 and n.
14
Let b(q) = 2*q**2 - 46*q + 30. Let o be b(23). Calculate the greatest common factor of o and 10.
10
Let h = -37 + 87. Let i be 2/9 + h/18. Suppose -2*p = 4*l - 34, i*l = -4*p + l + 44. Calculate the highest common factor of p and 63.
9
Suppose -x + 3*y + 150 = -0*y, 0 = -5*x - 4*y + 750. Calculate the highest common factor of 60 and x.
30
Let r(o) = -62*o + 3. Let s be r(-3). What is the highest common divisor of s and 21?
21
Suppose -g + 14 = -2*x, 2*g - 13 = -x + 2*x. Suppose 2*n + r - 48 = 0, -g = -n - 2*r + 14. Calculate the greatest common factor of n and 13.
13
Let g = 5 + 0. What is the highest common divisor of 5 and g?
5
Let g(o) = o**3 + 9*o**2 - 2*o - 2. Let h be g(-9). What is the highest common divisor of h and 4?
4
Let t = 52 - 34. Let l = 73 + -46. What is the greatest common divisor of l and t?
9
Let q(v) = v**2 - 3*v + 4. Let u = 3 + 0. Let w be q(u). Calculate the highest common factor of w and 24.
4
Let k = -196 - -211. Calculate the highest common divisor of 45 and k.
15
Let y(k) = -4*k + 3 + k - 1. Let s be y(-2). Let w be (34 - -2)/((-3)/(-2)). What is the greatest common factor of s and w?
8
Let p be -2*1 + (-144)/(-2). Let x = 8 - -2. Calculate the highest common factor of p and x.
10
Let f be (-1 + (-4)/(-2))*45. Let j(z) = -4*z**2 - 4*z + 2 + 7*z**2 + 0 + 1. Let h be j(3). Calculate the greatest common factor of f and h.
9
Suppose 2*n + 15 + 47 = -5*v, 5*n - 19 = 2*v. Let w = v - -23. Let u be 1*-11*-1*1. What is the highest common factor of w and u?
11
Suppose 0 = 4*r - 48 - 288. Suppose 3*t + 7 = 43. What is the highest common factor of t and r?
12
Let u be ((-12)/(-7))/(1/21). What is the highest common divisor of u and 4?
4
Let s(r) = -38*r**3 + 2*r**2 + r. Let l be s(-1). Suppose -w = k - 0*w - l, -3*k + 111 = 5*w. Calculate the highest common divisor of k and 28.
14
Let z(y) = -y**2 + 10*y - 8. Let g be z(9). Calculate the highest common factor of 1 and g.
1
Let c be 3 + -4 + 16/2. Let f = 34 - 33. What is the highest common divisor of c and f?
1
Let j(a) = 7 - 3*a + 4*a - a**2 - 10*a. Let k be j(-7). Calculate the greatest common divisor of 7 and k.
7
Let p = 22 - 16. Let z be p/(-21) + 51/7. Suppose -2*l - 50 = -z*l. What is the highest common factor of l and 90?
10
Suppose 451 = 6*j - 317. Let n = -31 + 47. What is the greatest common divisor of n and j?
16
Let t be (0 - -40) + (3/(-1))/1. Calculate the highest common divisor of t and 259.
37
Suppose -p = -2*n, 24 = n + 4*p + 6. Suppose a + c + 2 = -3*a, -3*a - 4 = 2*c. Let m be 5*n + a/(-4). Calculate the greatest common divisor of m and 5.
5
Let g = 27 + -15. What is the highest common divisor of 18 and g?
6
Let i(j) = -2*j + 3 - 4 - j. Let c be i(-7). Let f be 187 - 4 - (2 + 1). Calculate the greatest common factor of c and f.
20
Let f(t) = 3*t**2 - 3*t. Let r be f(6). Let c(l) = 2*l - 4. Let u be c(7). What is the highest common divisor of u and r?
10
Suppose 0 = 7*v - 8*v + 9. Suppose 0 = -5*o + 10, -7 = -2*h - 2*o + 3. Let d = 42 + h. What is the highest common divisor of d and v?
9
Let u be 3*(-2)/3 + 12. Let m(q) = 14*q - 6. Let t be m(4). What is the greatest common divisor of u and t?
10
Suppose -4*k - 75 + 295 = 0. What is the highest common factor of 5 and k?
5
Let m = -12 - -36. What is the greatest common divisor of m and 48?
24
Suppose -7*a + 14 = -6*a. Calculate the highest common factor of a and 14.
14
Suppose -5*s + i - 3*i = -48, -2*i = -8. What is the greatest common factor of s and 152?
8
Suppose 5*r - 5*b + 16 - 6 = 0, -3*r + 4*b - 8 = 0. Suppose r*h + 2*h - 280 = 0. Suppose 0 = -3*d + 29 + 13. Calculate the greatest common divisor of h and d.
14
Suppose 2*k - 6 = 2. Let g(o) = o + 11. Let m be g(-9). Suppose 3*w + 0*w - 5*v - 133 = 0, 0 = 3*w + m*v - 98. Calculate the greatest common factor of w and k.
4
Let l(w) = 7*w. Let n be l(4). What is the highest common factor of 112 and n?
28
Let y(t) = -t**3 + 21*t**2 - 22*t + 50. Let u be y(20). Calculate the greatest common factor of u and 10.
10
Let y be (-1 + 4)/(15/70). Let z = 0 + 3. Suppose w + 397 = 4*g, -g + 412 = z*g - 4*w. Calculate the highest common factor of g and y.
14
Suppose -2*h = h - 18. Suppose 0*s = -2*s. Suppose -m + 0 + 4 = s. What is the highest common divisor of m and h?
2
Let q(w) = w. Let o be q(5). Suppose c = o*c + 12. Let h = 27 + c. What is the highest common divisor of h and 3?
3
Suppose 2*u - u - 1 = 0. Let q(r) = -11*r - 7*r + 4*r - u. Let p be q(-1). Calculate the greatest common divisor of 26 and p.
13
Let q(z) = -23*z - 16. Let y be q(-5). Calculate the greatest common factor of y and 11.
11
Let x be 2 + 4/(8/6). Let c = 14 - x. What is the highest common divisor of 54 and c?
9
Suppose 5*c = 3*r - 57 - 71, -5*c = 20. Let m be 4/(-5)*(-6 - -1). What is the greatest common divisor of m and r?
4
Let q = 11 + -7. Let i = -34 - -50. What is the greatest common factor of i and q?
4
Let o be -5*12*(-3)/(-30). Let a = 11 + o. What is the greatest common factor of a and 2?
1
Let p(y) = -3*y + 1. Let k be p(-3). Let c be (-2 - k/(-4))*40. Calculate the highest common divisor of c and 10.
10
Let x = -19 + 19. Let z be 13 - ((1 - -2) + x). Let c be 3/(-2 + (-669)/(-330)). What is the highest common divisor of z and c?
10
Suppose 4*t + d = -0*d + 703, -5*t + 4*d + 884 = 0. Calculate the greatest common divisor of t and 16.
16
Suppose -5*k = z - 39, -2*z - 1 + 9 = 0. Let a(s) = 2*s - 1. Let l be a(k). Suppose 3*p = 38 + l. What is the highest common factor of p and 187?
17
Let h = -114 + 117. Calculate the greatest common factor of 24 and h.
3
Let a be 90/(-54) - (-8)/3. Let q be (-2)/(2 + 0)*-13. Let h = -5 + q. Calculate the greatest common divisor of h and a.
1
Let s(u) = u**3 - 12*u**2 - 9*u - 17. Let m be s(13). Calculate the greatest common factor of 7 and m.
7
Let m = 77 - 55. Suppose 3*r + 7 = 172. Calculate the highest common divisor of r and m.
11
Let c = -2 + 10. What is the greatest common divisor of c and 32?
8
Suppose 62 = 2*p - u + 16, -4*u + 32 = p. Calculate the highest common factor of 36 and p.
12
Let r(q) = -q**3 - 3*q**2 - q - 1. Let b be r(-3). Suppose b*k = -k + 192. What is the highest common factor of 16 and k?
16
Suppose 3*m - 137 = -5*k, 4*k - 110 = -5*m + 101. Let v = 58 - m. Calculate the highest common factor of v and 57.
19
Let c(p) = 18*p**3 + 2*p - 1. Let g be c(1). Sup